7 a prime number?
True
Is 7070923 a prime number?
True
Is 13127869 prime?
False
Is 31597673 a composite number?
False
Is 510684373 a prime number?
True
Is 41453807 composite?
False
Is 2403139 composite?
True
Is 23759261 prime?
True
Is 13603543 composite?
False
Is 299470253 a composite number?
True
Is 22162769 prime?
False
Is 3521659 composite?
False
Is 249059 a prime number?
True
Is 786759653 a prime number?
True
Is 20507869 prime?
False
Is 8076491 a prime number?
True
Is 370723 prime?
True
Is 178760191 prime?
False
Is 725267705 a prime number?
False
Is 1976047 a composite number?
False
Is 16459649 a prime number?
True
Is 233913023 prime?
True
Is 14927631 a prime number?
False
Is 816073 prime?
False
Is 1172165047 a composite number?
True
Is 1073153 a prime number?
True
Is 1397761 prime?
True
Is 412129709 prime?
False
Is 89378273 a composite number?
True
Is 40991383 a prime number?
False
Is 3117216785 a prime number?
False
Is 4295897 a composite number?
False
Is 277741 a prime number?
True
Is 729637 prime?
True
Is 92839997 composite?
False
Is 542166289 composite?
True
Is 32982467 composite?
True
Is 73739369 prime?
False
Is 5762651 prime?
True
Is 2347693 composite?
False
Is 2245931 composite?
False
Is 7273699 prime?
False
Is 23119451 composite?
False
Is 2129351 prime?
False
Is 330311 a composite number?
False
Is 1532347 prime?
False
Is 37820795 composite?
True
Is 51258847 composite?
True
Is 63177607 prime?
True
Is 25974259 a prime number?
False
Is 2042453 a prime number?
False
Is 25982483 a composite number?
False
Is 2977339 composite?
True
Is 108909847 composite?
False
Is 263206841 composite?
True
Is 9358027 a prime number?
False
Is 4977683 composite?
True
Is 2085927 composite?
True
Is 222240311 a composite number?
True
Is 99949 a composite number?
True
Is 64645751 a composite number?
False
Is 254815693 a composite number?
True
Is 11544634 composite?
True
Is 790993031 a composite number?
False
Is 3449291 prime?
True
Is 1556039 prime?
True
Is 14869587 prime?
False
Is 9479167 a prime number?
False
Is 154069 a composite number?
True
Is 2635861 prime?
True
Is 708803 composite?
False
Is 3213599 prime?
True
Is 202126867 a composite number?
False
Is 7416569 prime?
False
Is 44866663 a prime number?
False
Is 1582373 a composite number?
True
Is 6840793 composite?
False
Is 9908221 a composite number?
False
Is 873217 prime?
False
Is 47067667 composite?
True
Is 8223771 a composite number?
True
Is 11216239 prime?
True
Is 28045907 a prime number?
False
Is 747493 composite?
False
Is 127027 a prime number?
False
Is 2977301 a composite number?
True
Is 9052115 a composite number?
True
Is 2469157 prime?
True
Is 11954741 a prime number?
True
Is 44094547 prime?
False
Is 383162081 prime?
True
Is 22306511 a composite number?
True
Is 4398109 prime?
False
Is 782707 a prime number?
True
Is 4509779 composite?
False
Is 1932797 prime?
True
Is 61117985 a prime number?
False
Is 4253421 composite?
True
Is 122005077 prime?
False
Is 191606249 composite?
False
Is 144126061 a prime number?
False
Is 999223 composite?
True
Is 474500003 composite?
False
Is 271806581 a prime number?
False
Is 307361 a composite number?
False
Is 509142523 composite?
False
Is 502919 prime?
True
Is 14008139 a composite number?
False
Is 114613271 a prime number?
False
Is 230950507 prime?
False
Is 104411 composite?
True
Is 372458 a composite number?
True
Is 7952041 composite?
False
Is 32169167 a prime number?
True
Is 1881881 a prime number?
True
Is 12168367 a prime number?
True
Is 87611 prime?
False
Is 9540923 a prime number?
False
Is 972526435 a prime number?
False
Is 5600501 a prime number?
True
Is 39639001 prime?
False
Is 8168114 composite?
True
Is 2902819 prime?
True
Is 7624807 composite?
False
Is 194182591 prime?
True
Is 199851 a composite number?
True
Is 2304895 composite?
True
Is 11793803 a prime number?
False
Is 2556641 prime?
True
Is 1139557943 a composite number?
False
Is 150464477 composite?
True
Is 148289 a composite number?
True
Is 9296057 composite?
True
Is 134259283 prime?
True
Is 4553873 prime?
True
Is 2095801 a composite number?
True
Is 18936403 a prime number?
True
Is 125663 prime?
False
Is 669689 prime?
True
Is 60057787 composite?
True
Is 14229883 a prime number?
True
Is 17598039 prime?
False
Is 36528743 a prime number?
True
Is 3868841 a composite number?
True
Is 95016067 composite?
False
Is 205017391 prime?
False
Is 604829 composite?
False
Is 2500889 a composite number?
False
Is 176569621 composite?
True
Is 324391 a prime number?
True
Is 57407741 a prime number?
True
Is 1191985 a prime number?
False
Is 1133459 a prime number?
True
Is 8472257 a composite number?
True
Is 1760803 a composite number?
True
Is 7336141 a prime number?
False
Is 189377129 composite?
False
Is 7116509 a composite number?
False
Is 5625163 prime?
False
Is 2420557 a prime number?
True
Is 140341 composite?
True
Is 115890707 prime?
True
Is 44783 composite?
True
Is 99409891 composite?
True
Is 26036063 prime?
False
Is 1891429 a composite number?
False
Is 11517547 a prime number?
False
Is 173805397 a prime number?
True
Is 3307529 composite?
False
Is 439609 composite?
True
Is 4782917 prime?
False
Is 289608733 a composite number?
False
Is 2026517 a composite number?
False
Is 19374841 a prime number?
False
Is 2922281 a prime number?
False
Is 221701723 prime?
False
Is 26271173 prime?
False
Is 739253447 prime?
False
Is 10109921 composite?
False
Is 433757 prime?
False
Is 236481623 a prime number?
False
Is 466300079 prime?
False
Is 1259424469 a prime number?
True
Is 5196641 composite?
False
Is 7417373 prime?
True
Is 202406887 prime?
True
Is 139680941 a prime number?
True
Is 13260223 a prime number?
False
Is 8304877 prime?
False
Is 108077807 a composite number?
False
Is 23726921 prime?
True
Is 3396091 a prime number?
True
Is 1036141 a composite number?
True
Is 3771091 a composite number?
False
Is 3623881 prime?
True
Is 212040897 composite?
True
Is 21447203 prime?
True
Is 155158093 a composite number?
False
Is 27904453 a prime number?
True
Is 2423777 prime?
True
Is 36389681 composite?
False
Is 623107 a composite number?
False
Is 71111669 a composite number?
True
Is 24480817 prime?
True
Is 176385535 prime?
False
Is 617209 a composite number?
True
Is 2796919 a prime number?
True
Is 207680933 a composite number?
True
Is 4724903 prime?
True
Is 62159917 composite?
False
Is 19127483 a prime number?
False
Is 181519 a composite number?
True
Is 163286831 composite?
True
Is 13654687 a prime number?
True
Is 4276493 a prime number?
False
Is 1553401 prime?
True
Is 54411447 a composite number?
True
Is 29892007 prime?
True
Is 24261557 composite?
False
Is 7080055 prime?
False
Is 11849087 a composite number?
False
Is 25707557 prime?
False
Is 33803509 composite?
True
Is 107486447 a prime number?
True
Is 154771237 composite?
False
Is 206211 a composite number?
True
Is 65789 a prime number?
True
Is 12664649 a prime number?
False
Is 14693087 prime?
False
Is 14074369 a prime number?
False
Is 2793639 prime?
False
Is 25967703 prime?
False
Is 1607637 composite?
True
Is 6575839 a composite number?
False
Is 24912481 a composite number?
True
Is 27549371 a composite number?
True
Is 1217397 a composite number?
True
Is 417013 a prime number?
False
Is 164570177 a prime number?
True
Is 209123 prime?
True
Is 35079311 a prime number?
False
Is 1303667 composite?
False
Is 3179597 a prime number?
False
Is 847138885 composite?
True
Is 112900289 prime?
True
Is 2812541 prime?
True
Is 3033111 a prime number?
False
Is 81526595 prime?
False
Is 3347641 prime?
False
Is 15307639 a prime number?
True
Is 29394487 composite?
True
Is 106344811 a prime number?
True
Is 1589627 a composite number?
True
Is 1638977 prime?
True
Is 165181171 a prime number?
False
Is 10656673 a prime number?
True
Is 74123 a composite number?
True
Is 31746319 a composite number?
True
Is 19605865 a composite number?
True
Is 40597747 composite?
False
Is 80484806 a prime number?
False
Is 24119737 a prime number?
False
Is 5885981 a prime number?
True
Is 1210531 composite?
True
Is 64834477 a prime number?
False
Is 24876637 a composite number?
True
Is 4331309 composite?
True
Is 14340967 a prime number?
False
Is 248609 a composite number?
False
Is 1318417 a composite number?
True
Is 24923705 a prime number?
F